d95
-1364466 (base 7) to base 8
-547434
What is -452010404 (base 6) in base 7?
-126544213
15125330 (base 8) to base 15
482a73
Convert 1011100010101 (base 2) to base 13.
28c7
What is -3338347 (base 13) in base 9?
-32475707
What is 2111021 (base 4) in base 11?
7198
Convert -1d160c (base 14) to base 16.
-fe30c
-34321040 (base 5) to base 4
-1023012331
What is -1b22920 (base 12) in base 14?
-aa278c
Convert -2217431 (base 9) to base 5.
-301133441
243256 (base 8) to base 4
110122232
What is 83506 (base 12) in base 11?
108090
-170202 (base 8) to base 13
-22042
What is 1444c4 (base 15) in base 12?
3b10b7
Convert -a99316 (base 13) to base 8.
-17161406
What is b806 (base 16) in base 5?
3001420
100001011010011111010100 (base 2) to base 14
124020c
Convert c07dd (base 16) to base 6.
24522113
-11061444 (base 7) to base 11
-5a3425
Convert 3a59 (base 15) to base 8.
30253
Convert -5b2b4 (base 13) to base 7.
-1265133
Convert -220002012 (base 4) to base 16.
-28086
What is -10000000011000111110 (base 2) in base 4?
-2000120332
Convert -70dbf (base 16) to base 13.
-132544
55250 (base 13) to base 12
75295
Convert -10403112 (base 5) to base 16.
-16398
Convert -2010100012012 (base 3) to base 4.
-10103202320
Convert 240452651 (base 7) to base 2.
111000110110101011010111
Convert 276408 (base 10) to base 13.
98a72
What is -111101111100101 (base 2) in base 13?
-1158a
Convert -4023202110 (base 5) to base 16.
-7a688b
-1011011010111010000 (base 2) to base 6
-12004304
Convert 73169 (base 15) to base 12.
157160
Convert -5331102 (base 6) to base 14.
-6b050
Convert 2030034 (base 5) to base 4.
20011320
Convert -1178400 (base 10) to base 13.
-3234a2
What is 1175718 (base 10) in base 11?
733375
Convert 10100101110100011 (base 2) to base 12.
4116b
-381a26 (base 14) to base 8
-7260642
What is da9ca (base 14) in base 2?
10000001000110010110
Convert -200202013 (base 4) to base 11.
-91131
-22022000202211 (base 3) to base 12
-15879aa
17901a2 (base 11) to base 9
5628568
-b822 (base 14) to base 3
-1121121010
e26b (base 16) to base 7
330663
Convert -18be62 (base 16) to base 5.
-403342402
5c41 (base 15) to base 3
222221021
Convert -19860 (base 14) to base 12.
-31590
What is 52976 (base 11) in base 3?
10220200022
-11010011101111 (base 2) to base 14
-4d1d
What is 2645104 (base 8) in base 9?
1346860
What is -498a6 (base 12) in base 5?
-11143044
-102222211110120 (base 3) to base 15
-85d8c6
Convert 123221010030 (base 4) to base 11.
40aa107
20120112222120 (base 3) to base 11
1a77784
-165413 (base 7) to base 8
-100556
Convert 100000110101111111110 (base 2) to base 15.
163d32
2a2557 (base 12) to base 6
23111351
What is -2242420 (base 6) in base 9?
-184223
-1217d (base 14) to base 11
-30242
Convert 33507 (base 15) to base 14.
43644
50512214 (base 6) to base 16
15fa72
Convert -1520665 (base 8) to base 5.
-102401423
-46581a (base 11) to base 7
-6200354
Convert -1357167 (base 9) to base 14.
-156154
Convert -905b5 (base 15) to base 10.
-456920
What is -4ccd3 (base 14) in base 8?
-561311
-2c6bd9 (base 14) to base 4
-11323233323
What is 10001100101011000100 (base 2) in base 5?
121414241
Convert 793228 (base 11) to base 16.
13471f
-110132013 (base 4) to base 3
-11021000110
Convert -284116 (base 11) to base 8.
-1544424
What is -34a34 (base 13) in base 7?
-550323
Convert 12186a5 (base 11) to base 10.
2119793
-128748 (base 14) to base 16
-9bc5c
-61002620 (base 7) to base 5
-2243404101
What is -102042234 (base 5) in base 4?
-1213223312
Convert 47d3 (base 15) to base 6.
154413
Convert 200000211122101 (base 3) to base 9.
20024571
What is -32523 (base 13) in base 5?
-10402301
What is 11505610 (base 7) in base 9?
1835101
-353075 (base 13) to base 12
-50b14b
-112221131121 (base 4) to base 10
-5936985
What is 723a896 (base 11) in base 7?
213432240
-c0c67 (base 14) to base 6
-13533311
134625 (base 14) to base 3
1020210120011
18a1295 (base 12) to base 4
103302021101
-66a9 (base 12) to base 9
-16523
What is 290b23 (base 12) in base 10?
685899
Convert 2041032332 (base 5) to base 13.
b54479
What is af827 (base 16) in base 15?
e300c
What is 1045030 (base 8) in base 5?
32443422
What is -257127 (base 9) in base 7?
-1220065
Convert -22a0062 (base 12) to base 5.
-3202131231
What is 132999 (base 10) in base 6?
2503423
What is -11001100001100111000110 (base 2) in base 10?
-6691270
Convert 133120333 (base 4) to base 5.
13103300
36452 (base 13) to base 8
302430
134224122 (base 6) to base 12
ab5042
1869281 (base 10) to base 8
7102741
17342532 (base 10) to base 6
1415413300
What is -4828a83 (base 12) in base 13?
-2b8b568
What is 611071 (base 11) in base 5?
222413411
Convert 16953169 (base 10) to base 14.
23743a9
Convert 10010312231 (base 4) to base 9.
2007578
-1003221340 (base 5) to base 10
-2007720
Convert -14412 (base 5) to base 8.
-2320
-10446666 (base 7) to base 13
-257bb3
-2a493 (base 13) to base 14
-21184
3077b6 (base 15) to base 2
1000110010011000001000
6e595 (base 15) to base 13
c4454
Convert 44235565 (base 7) to base 12.
1337574
-212220102120001 (base 3) to base 8
-60354330
What is 581d7b (base 15) in base 7?
50525033
4304 (base 5) to base 3
210110
30311100330 (base 4) to base 2
1100110101010000111100
-5af50 (base 16) to base 10
-372560
1572b (base 16) to base 10
87851
111233 (base 11) to base 10
177301
What is -1a128e (base 15) in base 10?
-1269584
What is 40b08 (base 14) in base 4?
212002310
-13330233 (base 5) to base 4
-201101332
Convert -11111022221220 (base 3) to base 10.
-2388174
What is -2102222022221 (base 3) in base 13?
-3660c7
What is 8353313 (base 9) in base 12?
15b3356
Convert 260038 (base 10) to base 12.
10659a
-13201013222 (base 4) to base 16
-1e11ea
What is -64041152 (base 7) in base 13?
-117ab23
Convert -302362 (base 8) to base 16.
-184f2
What is 7d86e (base 15) in base 14?
a5b86
What is 324c38 (base 13) in base 7?
13021445
What is 2bd6e9 (base 15) in base 10?
2121069
Convert -12022131 (base 4) to base 15.
-7730
What is 6625152 (base 7) in base 5?
202011324
Convert -101122102001010 (base 3) to base 9.
-11572033
Convert -237376 (base 15) to base 4.
-12131310330
-a7f988 (base 16) to base 12
-382a720
-106cd18 (base 15) to base 13
-257c876
What is 2801333 (base 9) in base 15?
2052d6
What is -1000131130 (base 4) in base 7?
-2146522
Convert -11223302122 (base 4) to base 12.
-5ba38a
Convert -81450 (base 10) to base 15.
-19200
What is -111320012 (base 4) in base 7?
-522146
-356a16 (base 11) to base 16
-8a143
What is 167d13b (base 14) in base 3?
202210222021021
Convert -303120012 (base 5) to base 6.
-42114352
-1033120332 (base 4) to base 16
-4f63e
What is -33023203 (base 4) in base 2?
-1111001011100011
490ae (base 15) to base 8
707117
102032131 (base 5) to base 16
67869
7034126 (base 11) to base 10
12450323
Convert -8d928 (base 16) to base 5.
-122024010
Convert -1450260 (base 9) to base 2.
-11000011011110010010
What is 11012010221222 (base 3) in base 11?
1291257
-25249 (base 10) to base 7
-133420
What is 4135466 (base 9) in base 14?
416bdb
Convert -5245608 (base 11) to base 13.
-1bb9530
Convert 200102112 (base 4) to base 12.
64646
-1020012201121 (base 3) to base 14
-13033b
What is 122210121000012 (base 3) in base 10?
9459509
Convert 1101641 (base 8) to base 14.
79b57
What is -1000101011100110000010 (base 2) in base 3?
-11021121200201
What is -578172 (base 11) in base 10?
-918590
Convert -652337 (base 9) to base 3.
-201202101021
Convert 168977 (base 11) to base 10.
260718
-1040233 (base 6) to base 16
-cadd
Convert 2aa77a9 (base 11) to base 8.
24203565
a05694 (base 12) to base 6
125312304
936987 (base 13) to base 3
20110212201110
-130132213 (base 4) to base 11
-7a703
Convert -2342416 (base 7) to base 8.
-1102432
Convert 21330 (base 10) to base 9.
32230
What is -117548 (base 9) in base 14?
-1bd10
-d17473 (base 16) to base 5
-12003224320
Convert -4aab1 (base 12) to base 9.
-164567
Convert 1235451 (base 9) to base 2.
10100100010111010101
Convert 3bdcf (base 16) to base 6.
5131103
What is 202221212022220 (base 3) in base 7?
163446006
What is -254495 (base 11) in base 2?
-1100001111101000011
-13145130 (base 6) to base 16
-69f4e
What is -1000111011010001110101001 (base 2) in base 6?
-1505121025
Convert 1432132 (base 6) to base 14.
21d0c
What is -10111101001111001101 (base 2) in base 3?
-1110101021001
2bb823 (base 14) to 